{"id":33,"date":"2016-09-21T12:42:14","date_gmt":"2016-09-21T12:42:14","guid":{"rendered":"http:\/\/liedhegener.info\/?page_id=33"},"modified":"2024-01-10T18:17:06","modified_gmt":"2024-01-10T18:17:06","slug":"publikationen","status":"publish","type":"page","link":"https:\/\/liedhegener.info\/?page_id=33","title":{"rendered":"Publikationen"},"content":{"rendered":"<h4><span style=\"text-decoration: underline;\">Aktuell<\/span><\/h4>\n<h6><strong>Religion &#8211; ambivalente Gr\u00f6\u00dfe f\u00fcr den gesellschaftlichen Zusammenhalt?<\/strong><\/h6>\n<p>Liedhegener, Antonius \/ Gert Pickel \/ Anastas Odermatt \/ Yvonne Jaeckel, Herausgeforderter gesellschaftlicher Zusammenhalt. Soziale Identit\u00e4ten, Religion und die Zukunft liberaler Demokratien, in: Verhandlungsband des 41. Kongresses der Deutschen Gesellschaft f\u00fcr Soziologie in Bielefeld (2023), 1\u201324. (open access publication)<\/p>\n<h6><strong>Welche Religionspolitik f\u00fcr liberale Demokratien?<\/strong><\/h6>\n<p>Liedhegener, Antonius, Vom F\u00f6rdern und Fordern. Leitvorstellungen und systemische Effekte von religionspolitischen Konzepten f\u00fcr liberale Demokratien, in: Islampolitik und Deutsche Islam Konferenz: Theoretische Diskurse \u2013 Empirische Befunde \u2013 Kritische Perspektiven, hrsg. v. Oliver Hidalgo \/ Schirin Amir-Moazami \/ J\u00f6rg Baudner (Politik und Religion), Wiesbaden 2023, 123-147.<\/p>\n<h6><strong>Wie wirken religi\u00f6se Identit\u00e4ten?<\/strong><\/h6>\n<p>Liedhegener, Antonius, Religionen und religi\u00f6se Identit\u00e4t in pluraler Gesellschaft. Umfragedaten zu Deutschland und der Schweiz im Vergleich, in: Normativit\u00e4t \u2013 Religion \u2013 Mobilit\u00e4t, hrsg. v. Bernhard Anuth \/ Michael Droege \/ Stephan Dusil (Untersuchungen zu Recht und Religion (URR), 3), T\u00fcbingen 2023, 147-162.<\/p>\n<p>Liedhegener, Antonius\/ Pickel, Gert\/ Odermatt, Anastas\/ Yendell, Alexander\/ Jaeckel, Yvonne, Wie Religion &#8222;uns&#8220; trennt &#8211; und verbindet. Befunde einer Repr\u00e4sentativbefragung zur gesellschaftlichen Rolle von religi\u00f6sen und sozialen Identit\u00e4ten in Deutschland und der Schweiz 2019 (Forschungsbericht), Luzern &#8211; Leipzig 2019.<\/p>\n<h6><strong>Religion und Diskriminierung &#8211; ein Zusammenhang?<\/strong><\/h6>\n<p>Pickel, Gert\/ Liedhegener, Antonius\/ Odermatt, Anastas\/ Yendell, Alexander\/ Jaeckel, Yvonne, Religi\u00f6se Identit\u00e4ten und Vorurteil in Deutschland und der Schweiz &#8211; Konzeptionelle \u00dcberlegungen und empirische Befunde, in: Zeitschrift f\u00fcr Religion, Gesellschaft und Politik 4(2020) 149-196 (doi 10.1007\/s41682-020-00055-9).<\/p>\n<h6><strong>Religion als Ressource der Zivilgesellschaft?<\/strong><\/h6>\n<p>Liedhegener, Antonius, Art. Churches, Denominations, and Congregations, in: International Encyclopedia of Civil Society, hrsg. v. Regina A. List \/ Helmut K. Anheier \/ Stefan Toepler, Cham 2023, 1-9.<\/p>\n<h6><strong>Wie religi\u00f6s divers ist Europa?<\/strong><\/h6>\n<p><img loading=\"lazy\" decoding=\"async\" class=\"alignleft size-thumbnail wp-image-148\" src=\"http:\/\/liedhegener.info\/wp-content\/uploads\/2020\/07\/Cover-SMRE-140x150.jpg\" alt=\"\" width=\"140\" height=\"150\" \/>Liedhegener, Antonius\/ Odermatt, Anastas, Religious Affiliation as a Baseline for Religious Diversity in Contemporary Europe. Making Sense of Numbers, Wordings, and Cultural Meanings (= Working Paper 02\/2018) Luzern 2018.<\/p>\n<p>&nbsp;<\/p>\n<p>&nbsp;<\/p>\n<p>&nbsp;<\/p>\n<h4><span style=\"text-decoration: underline;\">R\u00fcckblick<\/span><\/h4>\n<h6><strong>Welche Rolle\u00a0spielt Religion in der (Schweizer) Zivilgesellschaft?<\/strong><\/h6>\n<p><img loading=\"lazy\" decoding=\"async\" class=\"size-full wp-image-79 alignleft\" src=\"http:\/\/liedhegener.info\/wp-content\/uploads\/2016\/09\/9783848731886-e1475245385410.gif\" alt=\"Sammelband Integrationspotenziale\" width=\"75\" height=\"111\" \/>Arens, Edmund\/ Baumann, Martin\/ Liedhegener, Antonius,\u00a0Integrationspotenziale von Religion und Zivilgesellschaft.\u00a0Theoretische und empirische Befunde (= Religion &#8211; Wirtschaft &#8211; Politik, Bd.14) Baden-Baden\/ Z\u00fcrich 2016. <a href=\"http:\/\/liedhegener.info\/wp-content\/uploads\/2016\/09\/FLYER_Arens_3188-6_dt.pdf\">(Flyer)<\/a><\/p>\n<h6><\/h6>\n<h6><strong>Was sagt die Vergleichende Politikwissenschaft zu Religion?<\/strong><\/h6>\n<p><img loading=\"lazy\" decoding=\"async\" class=\"alignleft size-full wp-image-96\" src=\"http:\/\/liedhegener.info\/wp-content\/uploads\/2016\/09\/Handbuch-VPW-e1475252267575.png\" alt=\"handbuch-vpw\" width=\"75\" height=\"119\" \/>Liedhegener, Antonius, Politik und Religion in der Vergleichenden Politikwissenschaft, in: Lauth, Hans-Joachim\/ Kneuer, Marianne\/ Pickel, Gert (Hg.), Handbuch Vergleichende Politikwissenschaft, Wiesbaden 2016, 747-766.<\/p>\n<p>&nbsp;<\/p>\n<h6><\/h6>\n<h6><\/h6>\n<h6><strong>Welche Theorie f\u00fcr Forschungen zu Politik und Religion?<\/strong><\/h6>\n<p><img loading=\"lazy\" decoding=\"async\" class=\"alignleft wp-image-50 size-full\" src=\"http:\/\/liedhegener.info\/wp-content\/uploads\/2016\/09\/pvs_cover2015_4.jpg\" alt=\"pvs_cover2015_4\" width=\"75\" height=\"113\" \/>Liedhegener, Antonius\/ Thieme, Daniel, Verstehen und Erkl\u00e4ren in der empirischen politikwissenschaftlichen Religionsforschung. Pl\u00e4doyer f\u00fcr einen begr\u00fcndeten methodologischen Pluralismus, in: Politische Vierteljahresschrift 56 (2015), H.4., S. 682-693.<\/p>\n<p>&nbsp;<\/p>\n<h6><\/h6>\n<h6><strong>Wo steht die Ev. Kirche im politischen Spektrum?<\/strong><\/h6>\n<p><img loading=\"lazy\" decoding=\"async\" class=\"size-full wp-image-52 alignleft\" src=\"http:\/\/liedhegener.info\/wp-content\/uploads\/2016\/09\/cover_pvs_2015.jpg\" alt=\"cover_pvs_2015\" width=\"75\" height=\"114\" \/>Thieme, Daniel\/ Liedhegener, Antonius, \u201eLinksau\u00dfen&#8220;, politische Mitte oder doch ganz anders? Die Positionierung der Evangelischen Kirche in Deutschland (EKD) im parteipolitischen Spektrum der posts\u00e4kularen Gesellschaft, in: Politische Vierteljahresschrift 56 (2015), H.2., S. 241-277.<\/p>\n<p>&nbsp;<\/p>\n<h6><\/h6>\n<h6><strong>Gesellschaftliche Integration durch Religion?<\/strong><\/h6>\n<p><img loading=\"lazy\" decoding=\"async\" class=\"alignleft wp-image-53\" src=\"http:\/\/liedhegener.info\/wp-content\/uploads\/2016\/09\/41JpL0oQ28L__AA160-neu2.jpg\" alt=\"41JpL0oQ28L__AA160-neu2\" width=\"75\" height=\"111\" \/>Arens, Edmund\/ Martin Baumann, Antonius Liedhegener, Wolfgang M\u00fcller, Markus Ries (Hg.), Integration durch Religion? Geschichtliche Befunde, gesellschaftliche Analysen, rechtliche Perspektiven (= Religion \u2011 Wirtschaft \u2011 Politik, Bd.10) Baden\u2011Baden \u2013 Z\u00fcrich 2014.<\/p>\n<p>&nbsp;<\/p>\n<h6><\/h6>\n<h6><strong>Religionspolitik in Europa?<\/strong><\/h6>\n<p><img loading=\"lazy\" decoding=\"async\" class=\"alignleft wp-image-56\" src=\"http:\/\/liedhegener.info\/wp-content\/uploads\/2016\/09\/Liedhegener-Werkner-cda_displayimage.jpg\" alt=\"Liedhegener-Werkner-cda_displayimage\" width=\"75\" height=\"106\" \/>Werkner, Ines-Jacqueline\/ Liedhegener, Antonius (Hg.), Europ\u00e4ische Religionspolitik. Religi\u00f6se Identit\u00e4tsbez\u00fcge, rechtliche Regelungen und politische Ausgestaltung (= Politik und Religion) Wiesbaden 2013.<br \/>\nErster Band der Reihe im Peer Review Verfahren!<\/p>\n<p>&nbsp;<\/p>\n<h6><\/h6>\n<h6><strong>Religi\u00f6se Vielfalt\u00a0politisch regulieren?<\/strong><\/h6>\n<p><img loading=\"lazy\" decoding=\"async\" class=\"alignleft wp-image-57\" src=\"http:\/\/liedhegener.info\/wp-content\/uploads\/2016\/09\/Bogner-Freiheit.jpg\" alt=\"Bogner-Freiheit\" width=\"75\" height=\"106\" \/><span style=\"line-height: 115%; font-family: 'Calibri','sans-serif'; font-size: 11pt;\">&#8222;Neue Religionspolitik&#8220; in der verfassungsstaatlichen Demokratie? Religionsfreiheit als Schranke und Ziel politischen Entscheidens in religi\u00f6s-kulturellen Konflikten, in: Bogner, Daniel\/ Heimbach-Steins, Marianne (Hg.), Freiheit \u2013 Gleichheit \u2013 Religion. Orientierungen moderner Religionspolitik (= Religion und Politik, Bd.4) W\u00fcrzburg\u00a02012, S. 111-130.<\/span><\/p>\n<p>&nbsp;<\/p>\n<h6><\/h6>\n<h6><strong>Wo steht Europas Christdemokratie?<\/strong><\/h6>\n<p><img loading=\"lazy\" decoding=\"async\" class=\"alignleft size-full wp-image-58\" src=\"http:\/\/liedhegener.info\/wp-content\/uploads\/2016\/09\/41bWvSON-OL._SX351_BO1204203200_.jpg\" alt=\"41bWvSON-OL._SX351_BO1,204,203,200_\" width=\"75\" height=\"106\" \/>Die christdemokratische Parteienfamilie, in: Jun, Uwe (Hg.), Parteienfamilien. Identit\u00e4tsbestimmend oder nur noch Etikett? (= Parteien in Theorie und Empirie, Bd.2) Opladen &#8211; Berlin &#8211; Toronto 2012, S. 99-129. (zusammen mit Torsten Oppelland, Jena)<\/p>\n<p>&nbsp;<\/p>\n<h6><\/h6>\n<h6><strong>Langfristige S\u00e4kularisierung in Deutschland?<\/strong><\/h6>\n<p><a href=\"http:\/\/berlinuniversitypress.de\/das-programm\/fruehjahr_12\/umstrittene-saekularisierung.html\"><img decoding=\"async\" style=\"margin-right: 10px; float: left;\" src=\"http:\/\/www.uni-muenster.de\/imperia\/md\/images\/religion_und_politik\/aktuelles\/2012\/05_2012\/buchcover-umstrittene-saekularisierung.jpg\" alt=\"Bild Cover bup\" width=\"75\" \/><\/a>S\u00e4kularisierung als Entkirchlichung. Trends und Konjunkturen in Deutschland von der Mitte des 19. Jahrhunderts bis zur Gegenwart, in: Gabriel, Karl\/ G\u00e4rtner, Christel\/ Pollack, Detlef (Hg.), Umstrittene S\u00e4kularisierung. Soziologische und historische Analysen zur Differenzierung von Religion und Politik, Berlin 2012, S. 481-531.<\/p>\n<p>&nbsp;<\/p>\n<h6><\/h6>\n<h6><strong>Wie funktioniert Transdisziplinarit\u00e4t?<\/strong><\/h6>\n<p>Religion &#8211; Wirtschaft &#8211; Politik. Forschungszug\u00e4nge zu einem aktuellen transdisziplin\u00e4ren Feld (= Religion &#8211; Wirtschaft &#8211; Politik, Bd.1) Baden-Baden \u2013 Z\u00fcrich 2011 (zusammen mit Andreas Tunger-Zanetti und Stephan Wirz)<\/p>\n<p>&nbsp;<\/p>\n<h6><strong>Religion &#8211; Teil der Zivilgesellschaft?<\/strong><\/h6>\n<p>Religion zwischen Zivilgesellschaft und politischem System. Positionen \u2013 Befunde \u2013 Perspektiven (= Politik und Religion) Wiesbaden 2011 (hg. zusammen mit Ines-Jacqueline Werkner, Berlin)<\/p>\n","protected":false},"excerpt":{"rendered":"<p class=\"qua-blog-post-description\">Aktuell Religion &#8211; ambivalente Gr\u00f6\u00dfe f\u00fcr den gesellschaftlichen Zusammenhalt? Liedhegener, Antonius \/ Gert Pickel \/ Anastas Odermatt \/ Yvonne Jaeckel, Herausgeforderter gesellschaftlicher Zusammenhalt. Soziale Identit\u00e4ten, Religion und die Zukunft liberaler Demokratien, in: Verhandlungsband des 41. Kongresses der Deutschen Gesellschaft f\u00fcr Soziologie in Bielefeld (2023), 1\u201324. (open access publication) Welche Religionspolitik f\u00fcr liberale Demokratien? Liedhegener, Antonius, [&hellip;]<\/p>\n","protected":false},"author":1,"featured_media":0,"parent":0,"menu_order":0,"comment_status":"closed","ping_status":"closed","template":"","meta":{"footnotes":""},"_links":{"self":[{"href":"https:\/\/liedhegener.info\/index.php?rest_route=\/wp\/v2\/pages\/33"}],"collection":[{"href":"https:\/\/liedhegener.info\/index.php?rest_route=\/wp\/v2\/pages"}],"about":[{"href":"https:\/\/liedhegener.info\/index.php?rest_route=\/wp\/v2\/types\/page"}],"author":[{"embeddable":true,"href":"https:\/\/liedhegener.info\/index.php?rest_route=\/wp\/v2\/users\/1"}],"replies":[{"embeddable":true,"href":"https:\/\/liedhegener.info\/index.php?rest_route=%2Fwp%2Fv2%2Fcomments&post=33"}],"version-history":[{"count":39,"href":"https:\/\/liedhegener.info\/index.php?rest_route=\/wp\/v2\/pages\/33\/revisions"}],"predecessor-version":[{"id":192,"href":"https:\/\/liedhegener.info\/index.php?rest_route=\/wp\/v2\/pages\/33\/revisions\/192"}],"wp:attachment":[{"href":"https:\/\/liedhegener.info\/index.php?rest_route=%2Fwp%2Fv2%2Fmedia&parent=33"}],"curies":[{"name":"wp","href":"https:\/\/api.w.org\/{rel}","templated":true}]}}

<h4><span style="text-decoration: underline;">Aktuell</span></h4>
<h6><strong>Religion &#8211; ambivalente Größe für den gesellschaftlichen Zusammenhalt?</strong></h6>
<p>Liedhegener, Antonius / Gert Pickel / Anastas Odermatt / Yvonne Jaeckel, Herausgeforderter gesellschaftlicher Zusammenhalt. Soziale Identitäten, Religion und die Zukunft liberaler Demokratien, in: Verhandlungsband des 41. Kongresses der Deutschen Gesellschaft für Soziologie in Bielefeld (2023), 1–24. (open access publication)</p>
<h6><strong>Welche Religionspolitik für liberale Demokratien?</strong></h6>
<p>Liedhegener, Antonius, Vom Fördern und Fordern. Leitvorstellungen und systemische Effekte von religionspolitischen Konzepten für liberale Demokratien, in: Islampolitik und Deutsche Islam Konferenz: Theoretische Diskurse – Empirische Befunde – Kritische Perspektiven, hrsg. v. Oliver Hidalgo / Schirin Amir-Moazami / Jörg Baudner (Politik und Religion), Wiesbaden 2023, 123-147.</p>
<h6><strong>Wie wirken religiöse Identitäten?</strong></h6>
<p>Liedhegener, Antonius, Religionen und religiöse Identität in pluraler Gesellschaft. Umfragedaten zu Deutschland und der Schweiz im Vergleich, in: Normativität – Religion – Mobilität, hrsg. v. Bernhard Anuth / Michael Droege / Stephan Dusil (Untersuchungen zu Recht und Religion (URR), 3), Tübingen 2023, 147-162.</p>
<p>Liedhegener, Antonius/ Pickel, Gert/ Odermatt, Anastas/ Yendell, Alexander/ Jaeckel, Yvonne, Wie Religion &#8222;uns&#8220; trennt &#8211; und verbindet. Befunde einer Repräsentativbefragung zur gesellschaftlichen Rolle von religiösen und sozialen Identitäten in Deutschland und der Schweiz 2019 (Forschungsbericht), Luzern &#8211; Leipzig 2019.</p>
<h6><strong>Religion und Diskriminierung &#8211; ein Zusammenhang?</strong></h6>
<p>Pickel, Gert/ Liedhegener, Antonius/ Odermatt, Anastas/ Yendell, Alexander/ Jaeckel, Yvonne, Religiöse Identitäten und Vorurteil in Deutschland und der Schweiz &#8211; Konzeptionelle Überlegungen und empirische Befunde, in: Zeitschrift für Religion, Gesellschaft und Politik 4(2020) 149-196 (doi 10.1007/s41682-020-00055-9).</p>
<h6><strong>Religion als Ressource der Zivilgesellschaft?</strong></h6>
<p>Liedhegener, Antonius, Art. Churches, Denominations, and Congregations, in: International Encyclopedia of Civil Society, hrsg. v. Regina A. List / Helmut K. Anheier / Stefan Toepler, Cham 2023, 1-9.</p>
<h6><strong>Wie religiös divers ist Europa?</strong></h6>
<p><img loading="lazy" decoding="async" class="alignleft size-thumbnail wp-image-148" src="http://liedhegener.info/wp-content/uploads/2020/07/Cover-SMRE-140x150.jpg" alt="" width="140" height="150" />Liedhegener, Antonius/ Odermatt, Anastas, Religious Affiliation as a Baseline for Religious Diversity in Contemporary Europe. Making Sense of Numbers, Wordings, and Cultural Meanings (= Working Paper 02/2018) Luzern 2018.</p>
<p>&nbsp;</p>
<p>&nbsp;</p>
<p>&nbsp;</p>
<h4><span style="text-decoration: underline;">Rückblick</span></h4>
<h6><strong>Welche Rolle spielt Religion in der (Schweizer) Zivilgesellschaft?</strong></h6>
<p><img loading="lazy" decoding="async" class="size-full wp-image-79 alignleft" src="http://liedhegener.info/wp-content/uploads/2016/09/9783848731886-e1475245385410.gif" alt="Sammelband Integrationspotenziale" width="75" height="111" />Arens, Edmund/ Baumann, Martin/ Liedhegener, Antonius, Integrationspotenziale von Religion und Zivilgesellschaft. Theoretische und empirische Befunde (= Religion &#8211; Wirtschaft &#8211; Politik, Bd.14) Baden-Baden/ Zürich 2016. <a href="http://liedhegener.info/wp-content/uploads/2016/09/FLYER_Arens_3188-6_dt.pdf">(Flyer)</a></p>
<h6></h6>
<h6><strong>Was sagt die Vergleichende Politikwissenschaft zu Religion?</strong></h6>
<p><img loading="lazy" decoding="async" class="alignleft size-full wp-image-96" src="http://liedhegener.info/wp-content/uploads/2016/09/Handbuch-VPW-e1475252267575.png" alt="handbuch-vpw" width="75" height="119" />Liedhegener, Antonius, Politik und Religion in der Vergleichenden Politikwissenschaft, in: Lauth, Hans-Joachim/ Kneuer, Marianne/ Pickel, Gert (Hg.), Handbuch Vergleichende Politikwissenschaft, Wiesbaden 2016, 747-766.</p>
<p>&nbsp;</p>
<h6></h6>
<h6></h6>
<h6><strong>Welche Theorie für Forschungen zu Politik und Religion?</strong></h6>
<p><img loading="lazy" decoding="async" class="alignleft wp-image-50 size-full" src="http://liedhegener.info/wp-content/uploads/2016/09/pvs_cover2015_4.jpg" alt="pvs_cover2015_4" width="75" height="113" />Liedhegener, Antonius/ Thieme, Daniel, Verstehen und Erklären in der empirischen politikwissenschaftlichen Religionsforschung. Plädoyer für einen begründeten methodologischen Pluralismus, in: Politische Vierteljahresschrift 56 (2015), H.4., S. 682-693.</p>
<p>&nbsp;</p>
<h6></h6>
<h6><strong>Wo steht die Ev. Kirche im politischen Spektrum?</strong></h6>
<p><img loading="lazy" decoding="async" class="size-full wp-image-52 alignleft" src="http://liedhegener.info/wp-content/uploads/2016/09/cover_pvs_2015.jpg" alt="cover_pvs_2015" width="75" height="114" />Thieme, Daniel/ Liedhegener, Antonius, „Linksaußen&#8220;, politische Mitte oder doch ganz anders? Die Positionierung der Evangelischen Kirche in Deutschland (EKD) im parteipolitischen Spektrum der postsäkularen Gesellschaft, in: Politische Vierteljahresschrift 56 (2015), H.2., S. 241-277.</p>
<p>&nbsp;</p>
<h6></h6>
<h6><strong>Gesellschaftliche Integration durch Religion?</strong></h6>
<p><img loading="lazy" decoding="async" class="alignleft wp-image-53" src="http://liedhegener.info/wp-content/uploads/2016/09/41JpL0oQ28L__AA160-neu2.jpg" alt="41JpL0oQ28L__AA160-neu2" width="75" height="111" />Arens, Edmund/ Martin Baumann, Antonius Liedhegener, Wolfgang Müller, Markus Ries (Hg.), Integration durch Religion? Geschichtliche Befunde, gesellschaftliche Analysen, rechtliche Perspektiven (= Religion ‑ Wirtschaft ‑ Politik, Bd.10) Baden‑Baden – Zürich 2014.</p>
<p>&nbsp;</p>
<h6></h6>
<h6><strong>Religionspolitik in Europa?</strong></h6>
<p><img loading="lazy" decoding="async" class="alignleft wp-image-56" src="http://liedhegener.info/wp-content/uploads/2016/09/Liedhegener-Werkner-cda_displayimage.jpg" alt="Liedhegener-Werkner-cda_displayimage" width="75" height="106" />Werkner, Ines-Jacqueline/ Liedhegener, Antonius (Hg.), Europäische Religionspolitik. Religiöse Identitätsbezüge, rechtliche Regelungen und politische Ausgestaltung (= Politik und Religion) Wiesbaden 2013.<br />
Erster Band der Reihe im Peer Review Verfahren!</p>
<p>&nbsp;</p>
<h6></h6>
<h6><strong>Religiöse Vielfalt politisch regulieren?</strong></h6>
<p><img loading="lazy" decoding="async" class="alignleft wp-image-57" src="http://liedhegener.info/wp-content/uploads/2016/09/Bogner-Freiheit.jpg" alt="Bogner-Freiheit" width="75" height="106" /><span style="line-height: 115%; font-family: 'Calibri','sans-serif'; font-size: 11pt;">&#8222;Neue Religionspolitik&#8220; in der verfassungsstaatlichen Demokratie? Religionsfreiheit als Schranke und Ziel politischen Entscheidens in religiös-kulturellen Konflikten, in: Bogner, Daniel/ Heimbach-Steins, Marianne (Hg.), Freiheit – Gleichheit – Religion. Orientierungen moderner Religionspolitik (= Religion und Politik, Bd.4) Würzburg 2012, S. 111-130.</span></p>
<p>&nbsp;</p>
<h6></h6>
<h6><strong>Wo steht Europas Christdemokratie?</strong></h6>
<p><img loading="lazy" decoding="async" class="alignleft size-full wp-image-58" src="http://liedhegener.info/wp-content/uploads/2016/09/41bWvSON-OL._SX351_BO1204203200_.jpg" alt="41bWvSON-OL._SX351_BO1,204,203,200_" width="75" height="106" />Die christdemokratische Parteienfamilie, in: Jun, Uwe (Hg.), Parteienfamilien. Identitätsbestimmend oder nur noch Etikett? (= Parteien in Theorie und Empirie, Bd.2) Opladen &#8211; Berlin &#8211; Toronto 2012, S. 99-129. (zusammen mit Torsten Oppelland, Jena)</p>
<p>&nbsp;</p>
<h6></h6>
<h6><strong>Langfristige Säkularisierung in Deutschland?</strong></h6>
<p><a href="http://berlinuniversitypress.de/das-programm/fruehjahr_12/umstrittene-saekularisierung.html"><img decoding="async" style="margin-right: 10px; float: left;" src="http://www.uni-muenster.de/imperia/md/images/religion_und_politik/aktuelles/2012/05_2012/buchcover-umstrittene-saekularisierung.jpg" alt="Bild Cover bup" width="75" /></a>Säkularisierung als Entkirchlichung. Trends und Konjunkturen in Deutschland von der Mitte des 19. Jahrhunderts bis zur Gegenwart, in: Gabriel, Karl/ Gärtner, Christel/ Pollack, Detlef (Hg.), Umstrittene Säkularisierung. Soziologische und historische Analysen zur Differenzierung von Religion und Politik, Berlin 2012, S. 481-531.</p>
<p>&nbsp;</p>
<h6></h6>
<h6><strong>Wie funktioniert Transdisziplinarität?</strong></h6>
<p>Religion &#8211; Wirtschaft &#8211; Politik. Forschungszugänge zu einem aktuellen transdisziplinären Feld (= Religion &#8211; Wirtschaft &#8211; Politik, Bd.1) Baden-Baden – Zürich 2011 (zusammen mit Andreas Tunger-Zanetti und Stephan Wirz)</p>
<p>&nbsp;</p>
<h6><strong>Religion &#8211; Teil der Zivilgesellschaft?</strong></h6>
<p>Religion zwischen Zivilgesellschaft und politischem System. Positionen – Befunde – Perspektiven (= Politik und Religion) Wiesbaden 2011 (hg. zusammen mit Ines-Jacqueline Werkner, Berlin)</p>

<p class="qua-blog-post-description">Aktuell Religion &#8211; ambivalente Größe für den gesellschaftlichen Zusammenhalt? Liedhegener, Antonius / Gert Pickel / Anastas Odermatt / Yvonne Jaeckel, Herausgeforderter gesellschaftlicher Zusammenhalt. Soziale Identitäten, Religion und die Zukunft liberaler Demokratien, in: Verhandlungsband des 41. Kongresses der Deutschen Gesellschaft für Soziologie in Bielefeld (2023), 1–24. (open access publication) Welche Religionspolitik für liberale Demokratien? Liedhegener, Antonius, [&hellip;]</p>
